remainder when 31730 is divided by 30.
20
What is the remainder when 20724 is divided by 101?
19
What is the remainder when 60562 is divided by 103?
101
What is the remainder when 10120 is divided by 149?
137
Calculate the remainder when 94676 is divided by 45.
41
Calculate the remainder when 21801 is divided by 3.
0
What is the remainder when 5063 is divided by 2519?
25
What is the remainder when 5842 is divided by 22?
12
What is the remainder when 78221 is divided by 437?
435
What is the remainder when 85359 is divided by 340?
19
Calculate the remainder when 38849 is divided by 12807.
428
Calculate the remainder when 54335 is divided by 307.
303
What is the remainder when 10726 is divided by 1188?
34
What is the remainder when 3648 is divided by 1824?
0
Calculate the remainder when 36473 is divided by 11.
8
Calculate the remainder when 31553 is divided by 36.
17
What is the remainder when 3101 is divided by 22?
21
What is the remainder when 13005 is divided by 4329?
18
What is the remainder when 3261 is divided by 532?
69
What is the remainder when 14190 is divided by 86?
0
Calculate the remainder when 2463 is divided by 945.
573
What is the remainder when 181746 is divided by 125?
121
Calculate the remainder when 354418 is divided by 660.
658
Calculate the remainder when 10993 is divided by 1222.
1217
Calculate the remainder when 89825 is divided by 22.
21
What is the remainder when 11241 is divided by 11229?
12
What is the remainder when 647023 is divided by 890?
883
Calculate the remainder when 9610 is divided by 35.
20
What is the remainder when 88831 is divided by 545?
541
What is the remainder when 6217826 is divided by 22?
10
What is the remainder when 13195 is divided by 13133?
62
Calculate the remainder when 48987 is divided by 46.
43
What is the remainder when 12775 is divided by 1208?
695
Calculate the remainder when 142364 is divided by 19.
16
What is the remainder when 239130 is divided by 281?
280
What is the remainder when 2341298 is divided by 14?
8
What is the remainder when 2648 is divided by 312?
152
What is the remainder when 247412 is divided by 82466?
14
Calculate the remainder when 14356 is divided by 21.
13
Calculate the remainder when 16052 is divided by 5350.
2
What is the remainder when 1654394 is divided by 696?
2
What is the remainder when 223881 is divided by 3025?
31
Calculate the remainder when 672144 is divided by 751.
750
What is the remainder when 186591 is divided by 137?
134
Calculate the remainder when 1296 is divided by 1268.
28
Calculate the remainder when 15838 is divided by 7903.
32
Calculate the remainder when 22299 is divided by 3709.
45
What is the remainder when 18376 is divided by 973?
862
What is the remainder when 5983 is divided by 1985?
28
What is the remainder when 1805 is divided by 46?
11
Calculate the remainder when 1953 is divided by 9.
0
Calculate the remainder when 29098 is divided by 938.
20
What is the remainder when 4681 is divided by 188?
169
Calculate the remainder when 109110 is divided by 27269.
34
What is the remainder when 15327 is divided by 1531?
17
What is the remainder when 1001 is divided by 381?
239
What is the remainder when 78742 is divided by 1406?
6
What is the remainder when 23161 is divided by 74?
73
What is the remainder when 11751 is divided by 48?
39
What is the remainder when 20533 is divided by 156?
97
What is the remainder when 457 is divided by 91?
2
What is the remainder when 9624 is divided by 275?
274
Calculate the remainder when 1444 is divided by 1401.
43
Calculate the remainder when 3384 is divided by 3344.
40
Calculate the remainder when 13175 is divided by 50.
25
Calculate the remainder when 275384 is divided by 97.
1
Calculate the remainder when 47772 is divided by 186.
156
What is the remainder when 1362 is divided by 123?
9
Calculate the remainder when 3641 is divided by 1776.
89
Calculate the remainder when 476 is divided by 232.
12
Calculate the remainder when 18646 is divided by 4636.
102
Calculate the remainder when 38914 is divided by 12971.
1
Calculate the remainder when 2171 is divided by 33.
26
What is the remainder when 386322 is divided by 241?
240
Calculate the remainder when 90380 is divided by 29959.
503
What is the remainder when 2540 is divided by 8?
4
Calculate the remainder when 9723 is divided by 106.
77
Calculate the remainder when 71605 is divided by 32.
21
Calculate the remainder when 309822 is divided by 113.
89
Calculate the remainder when 205610 is divided by 85.
80
Calculate the remainder when 47293 is divided by 162.
151
Calculate the remainder when 63950 is divided by 5813.
7
What is the remainder when 5624 is divided by 564?
548
Calculate the remainder when 232144 is divided by 27.
25
Calculate the remainder when 2339386 is divided by 10.
6
What is the remainder when 1935 is divided by 92?
3
What is the remainder when 140322 is divided by 1324?
1302
What is the remainder when 145054 is divided by 18?
10
Calculate the remainder when 19082 is divided by 25.
7
What is the remainder when 5209 is divided by 1587?
448
What is the remainder when 871980 is divided by 63?
60
What is the remainder when 674 is divided by 75?
74
Calculate the remainder when 15798 is divided by 8.
6
What is the remainder when 646465 is divided by 330?
325
Calculate the remainder when 2376 is divided by 546.
192
What is the remainder when 761818 is divided by 30?
28
Calculate the remainder when 46556 is divided by 46502.
54
What is the remainder when 1251 is divided by 10?
1
What is the remainder when 9398 is divided by 419?
180
What is the remainder when 109933 is divided by 493?
487
Calculate the remainder when 27140 is divided by 819.
113
Calculate the remainder when 391695 is divided by 141.
138
What is the remainder when 929 is divided by 70?
19
What is the remainder when 1992 is divided by 1917?
75
Calculate the remainder when 379 is divided by 179.
21
What is the remainder when 21777 is divided by 7?
0
Calculate the remainder when 33333 is divided by 1233.
42
What is the remainder when 25381 is divided by 53?
47
Calculate the remainder when 81015 is divided by 164.
163
Calculate the remainder when 10511 is divided by 206.
5
Calculate the remainder when 39305 is divided by 59.
11
What is the remainder when 1277 is divided by 627?
23
What is the remainder when 98513 is divided by 323?
321
What is the remainder when 24337 is divided by 11?
5
Calculate the remainder when 21587 is divided by 81.
41
Calculate the remainder when 726653 is divided by 128.
125
What is the remainder when 9992 is divided by 2120?
1512
What is the remainder when 4898 is divided by 682?
124
Calculate the remainder when 28694 is divided by 7093.
322
Calculate the remainder when 101117 is divided by 34.
1
What is the remainder when 2224 is divided by 219?
34
Calculate the remainder when 33156 is divided by 3312.
36
Calculate the remainder when 1357 is divided by 425.
82
Calculate the remainder when 9121 is divided by 942.
643
Calculate the remainder when 11603 is divided by 322.
11
Calculate the remainder when 6414 is divided by 702.
96
Calculate the remainder when 10114 is divided by 126.
34
Calculate the remainder when 83802 is divided by 8.
2
What is the remainder when 78175 is divided by 39065?
45
Calculate the remainder when 9414 is divided by 495.
9
What is the remainder when 6635 is divided by 66?
35
Calculate the remainder when 64470 is divided by 2014.
22
What is the remainder when 128174 is divided by 290?
284
Calculate the remainder when 5667 is divided by 213.
129
Calculate the remainder when 57056 is divided by 7132.
0
Calculate the remainder when 728959 is divided by 66269.
0
What is the remainder when 24487 is divided by 4080?
7
Calculate the remainder when 1987 is divided by 87.
73
What is the remainder when 37102 is divided by 3710?
2
What is the remainder when 6231 is divided by 190?
151
What is the remainder when 262911 is divided by 66?
33
What is the remainder when 30264 is divided by 177?
174
What is the remainder when 2612 is divided by 303?
188
Calculate the remainder when 2168935 is divided by 555.
550
What is the remainder when 185318 is divided by 213?
8
What is the remainder when 19195 is divided by 101?
5
Calculate the remainder when 9282 i